/(-3)*(-462)/28?
8
Let t(l) = 2*l**3 + 73*l**2 + 36*l + 30. What is the remainder when 103 is divided by t(-36)?
13
Let r(j) = -j**3 - 5*j**2 - 2*j + 10. Let o(a) = a**2 - 2. What is the remainder when r(-5) is divided by o(3)?
6
Let r(j) = j**3 + 18*j**2 + 43*j - 11. What is the remainder when 56 is divided by r(-15)?
18
Let j be -2 + 3 + 8 + -3. Let c(m) = -4 + 7*m - 5 - 16*m + m**2 + 11*m. Calculate the remainder when c(j) is divided by 10.
9
Let r = 57 + -24. Let u = 70 - r. Calculate the remainder when u is divided by 13.
11
Let c(a) = 4*a**2 - 3*a - 32. Calculate the remainder when c(7) is divided by 18.
17
What is the remainder when 45 is divided by 3/18*-4*(-969)/38?
11
Suppose 0 = -3*f + 12 - 30. Let q = -15 + 29. Let v = f + q. Calculate the remainder when 13 is divided by v.
5
Let o = -521 - -555. Calculate the remainder when 67 is divided by o.
33
Let p(n) = -n**3 + 3*n**2 + 3*n + 11. Suppose 0 = 15*x - 13*x. Suppose t - 9 - 5 = 5*r, 0 = -t - r + 20. What is the remainder when t is divided by p(x)?
8
Suppose -m - 16 = -4*t - 38, 17 = 2*m + t. What is the remainder when m is divided by 7?
3
Suppose -5*y + 3*y = 5*j - 4, 4*j - 4*y + 8 = 0. Suppose t = -3, 5*k + 5*t - 127 - 23 = j. Suppose 2*b + 4 = 40. Calculate the remainder when k is divided by b.
15
Let t = 7 + -3. Suppose 4*o + 5*d - 15 - 10 = 0, -4*o = -d - 43. Suppose -t*n = 4*g - 60, n - 6*g + 2*g = -o. What is the remainder when 17 is divided by n?
7
Suppose -7*r + 13 + 197 = 0. Let t = 212 - 99. Calculate the remainder when t is divided by r.
23
Let h be (-324)/42 - 4/14. Let a(j) = 2*j**2 + 13*j + 19. Calculate the remainder when a(h) is divided by -6*((-3)/2 - 1).
13
Suppose 0 = 15*i - 16*i - 117. Let u = 99 - -75. Let o = i + u. Calculate the remainder when o is divided by 15.
12
Suppose 11*s - 140 = 9*s. Suppose 9*d - 4*d = s. Calculate the remainder when d is divided by 30/7 - 4/14.
2
Suppose 5*i - 10 = -0*i. Suppose 38 - 12 = i*d. Calculate the remainder when d is divided by 2 + -3 - (-4 + -1).
1
Let f = 640 + -247. Calculate the remainder when f is divided by 12.
9
Let b(x) = -x**3 + 6*x**2 + 19*x - 102. What is the remainder when 682 is divided by b(6)?
10
Let j be 3*(0 - (-2)/(-3)). Let y be j/(-2)*(-30)/(-6). Suppose y*i - 11 = -4*x, -i + 32 = 4*x + 1. Calculate the remainder when 16 is divided by x.
7
Let v = 2784 + -2709. Calculate the remainder when v is divided by 3/15 - 108/(-10).
9
Suppose 19*n - 21177 = -2899. What is the remainder when n is divided by 69?
65
Let t(o) = -2*o**3 + 9*o**2 - 2*o - 7. Let i be t(4). Suppose -x - i = -20. Calculate the remainder when 35 is divided by x.
16
Let g(p) = p**3 - 21*p**2 + 31*p - 120. What is the remainder when 1298 is divided by g(20)?
98
Let f(c) = c**2 - 24*c + 22. What is the remainder when 61 is divided by f(24)?
17
Let f = 112 + -82. What is the remainder when f is divided by 14?
2
Let c = 13 + 5. Let f = -18 + c. Suppose -3*s + 5*y + 184 = f, 0 = -3*s - 2*y + 116 + 33. What is the remainder when s is divided by 18?
17
Suppose -7*f = 67 - 158. Let y(j) = -j**3 - j**2 - 3*j - 2. Calculate the remainder when f is divided by y(-2).
5
What is the remainder when 288/(-48) + 73*1 is divided by 14?
11
Suppose 4*t = -r - 4*r - 45, -3*t - 30 = 3*r. Let p = r - -11. Calculate the remainder when 10 is divided by p.
4
Suppose 0 = -4*x + 101 - 21. Let s(m) = -4*m + 1. Suppose 0*y - 4*y = 56. What is the remainder when s(y) is divided by x?
17
Let r(d) = 4*d**3 - 4*d**2 - 5*d - 3. Let g(f) = -5*f**3 + 3*f**2 + 5*f + 3. Let t(x) = -3*g(x) - 4*r(x). Calculate the remainder when t(4) is divided by 18.
17
Suppose 2*b - 63 = 5*h, -4*b + 4*h + 128 = 20. Suppose -3*w + 117 - b = 0. What is the remainder when w is divided by 4?
3
Suppose -6*x + 3588 = 6*x. Calculate the remainder when x is divided by 112.
75
Suppose 3*h = 12 + 3. Suppose 0 = h*q - 5*v - 10 - 45, 0 = 5*q - 4*v - 55. What is the remainder when 17 is divided by q?
6
Suppose 5*c = 2*f + 49 - 242, -2*c + 326 = 4*f. Calculate the remainder when 161 is divided by f.
77
Calculate the remainder when 11/((-1265)/(-10)) - 10990/(-46) is divided by 8.
7
Suppose -2*v = 3*c - 147, v + 3*c - 297 = -3*v. Calculate the remainder when v is divided by ((-60)/(-14))/(180/840).
15
Let f = 239 - 186. What is the remainder when f is divided by 35?
18
Suppose -2*g = -4*t + 44, 2*t - g - 10 = 3*g. Calculate the remainder when 115 is divided by t.
11
Let a be -3 + (-4)/(-4) + 2. Suppose -q + a*q - b = -12, 5*q - 84 = 3*b. Let x = q + -6. Calculate the remainder when 26 is divided by x.
8
Suppose -4*o + 25 + 100 = -5*r, o - 3*r = 26. Suppose -32*n + 31*n + 94 = 5*c, -n + 18 = c. What is the remainder when o is divided by c?
16
Let i(n) = 10*n. Suppose -q = x + 3, 2*q + 5*x + 18 = -0*q. Calculate the remainder when 3 + 1 - (-2 + (-32)/q) is divided by i(2).
18
Suppose 2*c + 6 = 20. What is the remainder when -6*(-8)/3 + (-40)/(-20) is divided by c?
4
Let g be (8/7)/((-4)/(-14)) - 4. Suppose -8*z + 3*z + 5*m + 430 = 0, g = -z - m + 76. Calculate the remainder when z is divided by 21.
18
Suppose -4*z = z - 10, 2*w + 5*z - 14 = 0. Suppose h = 2*f + 6 - w, -5*f = 4*h + 23. What is the remainder when 73 is divided by (3 + h)*(-3 - -22)?
16
Let p = 118 - 240. Let w = 152 + p. Let a(x) = -120*x**3 - x**2. What is the remainder when a(-1) is divided by w?
29
Let j(l) be the second derivative of -l**5/10 + 3*l**4/4 - l**3/3 + 6*l**2 - 18*l. What is the remainder when 52 is divided by j(4)?
12
Let h = 1980 - 1960. Calculate the remainder when 739 is divided by h.
19
Let c(z) = 2*z + 2. Let t be c(1). Suppose 52 = -t*m + 80. What is the remainder when m is divided by 5?
2
Suppose -3*r + 157 - 52 = 0. What is the remainder when r is divided by 22?
13
Let j(t) = 5*t - 2. Let u = 85 - 68. Suppose -5*g - u = -2*k - 3, 0 = 5*g. Calculate the remainder when j(3) is divided by k.
6
Let j be (-68)/12 + (-2)/6. Let w(a) = a - 2. Let t(z) = z - 3. Let f(l) = -6*t(l) + 5*w(l). Calculate the remainder when f(j) is divided by 8.
6
Let b = -20 + 22. Suppose -5*m = -d - 106, -2*d = -b*m - 0*m + 36. Let p(y) = -y**2 + 17*y + 13. What is the remainder when p(9) is divided by m?
19
Let x be 85 + -76 - ((-2)/1)/(-1). Suppose 4*t = 57 + x. Calculate the remainder when t is divided by 11.
5
Suppose -3*b + 8 = b, -4*h + 862 = -5*b. Calculate the remainder when h is divided by 53.
6
Let f(p) be the second derivative of p**3/6 - 5*p**2/2 + 76*p. Let t(b) = 3*b - 4. Let m be t(5). Calculate the remainder when f(m) is divided by 4.
2
Calculate the remainder when 29 is divided by (115/15)/1*(7 + -4).
6
Let r(l) = -l**2 - 7*l - 2. Let b be r(-6). Suppose 8*f - 60 = 92. Calculate the remainder when f + 1 + (b - 1) is divided by 9.
5
Suppose -3*i + 24 = i. Let j be ((-32)/20)/((-1)/5). Let h = 2 + j. Calculate the remainder when h is divided by i.
4
Suppose 8*v + 3*v = 627. Calculate the remainder when 113 is divided by v.
56
Suppose 2*m = -3*u + 3*m + 60, 5*u = -2*m + 111. Suppose 127 = 3*n - 17. Suppose 6*p - n = -2*p. What is the remainder when u is divided by p?
3
Let z be ((-6)/4)/((-27)/8244). Suppose 80 = -3*c + z. Suppose 4*a - a = c. What is the remainder when a is divided by 15?
12
Suppose 148*i - 4704 = 141*i. Calculate the remainder when i is divided by 15.
12
What is the remainder when 475 - 36 - -10*2/4 is divided by 50?
44
Suppose -p + 4 = 2*x - 3*p, -4*x + 5*p = -3. What is the remainder when 97 is divided by 2724/84 + 4/x?
31
Suppose 184*d = 179*d + 2845. What is the remainder when d is divided by 22?
19
What is the remainder when (-77)/28 + 43312/64 is divided by 15?
14
Let s be 2 + (-180 - -2) + 0. What is the remainder when (1 + s)*2/(-5) is divided by 19?
13
Suppose -4 - 6 = -2*z. Suppose z*j + 5 = 0, 2*l + 4 - 10 = -2*j. Let h(t) = t**2 + t - 6. Calculate the remainder when h(-4) is divided by l.
2
Let l = 118 + -136. Calculate the remainder when 6/(-27) + -3 + (-1264)/l is divided by 10.
7
Calculate the remainder when ((-4)/(-14))/((-12)/(-217))*6 is divided by 23.
8
Suppose 0 = 7*r - 25 - 31. Let l(v) = 2*v**2 - 3*v - 4. Calculate the remainder when r is divided by l(3).
3
Suppose -3*b - 63 + 216 = 0. Suppose 5*t = z + 70, -t + 6 - 3 = 2*z. Calculate the remainder when b is divided by t.
12
Suppose o = -2 +